tor of y and t.
18
Let g(y) = -5*y - 2*y + 75 - 38*y**2 + 4*y**3 + 30*y**2 - 4*y. Let b be g(6). What is the greatest common divisor of 39 and b?
39
Suppose 50 = 14024*j - 14019*j. What is the greatest common factor of j and 12?
2
Suppose 18 = 3*t - 2*t. Suppose -h + 47 = 5*f, 12*h - 34 = -4*f + 13*h. What is the greatest common factor of f and t?
9
Suppose 0 = 2*j + 6*u - 274, j - 162 = -0*u + 2*u. What is the highest common divisor of j and 1558?
38
Suppose -6*w = 2025 + 1347. Let b = 576 + w. Calculate the greatest common factor of 35 and b.
7
Suppose 212 = 2*k - 348. Suppose -170*o - 3137 + 7602 = -13385. What is the highest common factor of o and k?
35
Let j = 6 + -2. Let x be ((-228)/(-16))/(27/36). Let f = j + x. Calculate the greatest common divisor of 184 and f.
23
Let o = 206 + -178. Let k = -384 + 1056. Calculate the greatest common divisor of k and o.
28
Suppose 3*w = u - 212, u - 6*w + w - 212 = 0. Calculate the greatest common factor of u and 1802.
106
Suppose -48*v + 118*v - 1824 = -82*v. Let t be (85 + -1)*(2 - 1). Calculate the highest common factor of t and v.
12
Let w be 5 + 2 + -2*(-9)/(-6). Let a(o) = 11*o**2 + 14*o - 34. Let r be a(w). Calculate the greatest common factor of r and 36.
18
Let r(q) = -3*q**3 + 7*q**2 - 2*q + 7. Let f be r(5). Let t = f + 243. Calculate the highest common divisor of 320 and t.
40
Let w be ((-66)/(-110))/((68/360)/17). Let o = -2 - -4. What is the greatest common factor of o and w?
2
Let b = 8 - -83. Suppose 8 = -2*x, -3*z + 4*x + x = 259. Let o = z + 106. Calculate the greatest common divisor of o and b.
13
Suppose -2*i - 15*a = -17*a - 2912, -2*a = -14. Calculate the highest common factor of i and 3135.
209
Let j = -2168 + 2258. What is the highest common divisor of 6240 and j?
30
Suppose -k - 2*q + 4*q - 18 = 0, -5*k = 4*q + 62. Let y be (-4)/(-7) - 1084/k. Suppose y - 54 = u. Calculate the highest common factor of u and 12.
12
Let x = -8094 - -8434. What is the highest common factor of 986 and x?
34
Suppose 0 = 37*b - 261838 - 489484. What is the highest common divisor of 52 and b?
26
Suppose 4*m - 2*v + 58 = -176, -4*v = 5*m + 260. Let z = -56 - m. Suppose -k + z*k + 27 = 0. Calculate the highest common factor of 18 and k.
9
Suppose 1 = -u + 8. Let f be (18/5)/(39/(-130)). Let p be -3 - ((1 - 6) + f). Calculate the greatest common divisor of p and u.
7
Let c be 8/36 - ((-327606)/(-27))/(-2). Suppose -3*u + c = 4*v, -3*v + v + 10121 = 5*u. Suppose u = 12*k + 3*k. What is the highest common divisor of 9 and k?
9
Let f be 82/((-4)/2*46/(-3910)). Calculate the greatest common factor of 170 and f.
85
Let x(k) = 109*k - 101. Let y be x(6). Let s be -1 - 11/(-7) - (-17380)/y. Calculate the highest common divisor of s and 24.
8
Let a(v) = -v**2 + 3*v + 83. Let q be a(-8). Let m be (3/q)/((-56)/16240). Calculate the highest common factor of 6 and m.
6
Let r(x) = -16*x**2 - 143*x + 135. Let m be r(-9). Let p(u) = -u**2 + 5*u + 3. Let w be p(4). Calculate the highest common factor of w and m.
7
Let l(f) = 467*f**2 - 37*f + 17. Let s be l(-2). Calculate the greatest common factor of s and 3.
3
Suppose 0 = -2*a + 7*a - 5*w - 285, 99 = 2*a + 3*w. Let t(u) = -1298*u - 10382. Let n be t(-8). Calculate the greatest common divisor of a and n.
2
Suppose 61 = 2*k - 89. Let d(f) = -f**2 + 4*f + 100. Suppose -i - 3*x = 0, -9*x + 6*x = 4*i. Let a be d(i). Calculate the highest common divisor of k and a.
25
Suppose 114 = -11*s - 40. Let v be (-2)/(s/3) - 3469/(-7). What is the greatest common factor of 32 and v?
16
Suppose -64*g + 640 = -24*g. Let w be (-16)/(-4)*-1*-7. Let u be (132/(-77))/((-2)/w). Calculate the highest common divisor of g and u.
8
Let g be -16 + 14 - (1 - 4 - -686)/(-1). Calculate the highest common factor of 4313 and g.
227
Let y be 1 + 5/((-5)/(-3)). Suppose 0 = 3*g + y*p - 68, -7*p + 3*p = 5*g - 108. Suppose 13*u - g = 11*u. Calculate the greatest common factor of 2 and u.
2
Let o = -3957 - -3983. Calculate the greatest common factor of 1846 and o.
26
Let l = 17573 + -17408. Calculate the greatest common divisor of l and 44385.
165
Let a = 400 - 192. Calculate the highest common divisor of a and 272.
16
Let d = -25 + 165. Let b be (-19)/(-4 + 3) - (1 - 2). Calculate the greatest common divisor of d and b.
20
Suppose 2*u - 56 = -3*g, -5*g = -6*u + 4*u + 56. Let z be ((-36)/150*5)/(-4*(-5)/(-600)). Calculate the highest common divisor of z and u.
4
Let m be (1*(-14)/3)/((-4)/6). Let v be ((6 - 5)*-25)/1. Let y = 39 + v. Calculate the highest common factor of m and y.
7
Suppose 0 = t + 9 - 21. Let i = 22 + 19. Let m = i + 55. What is the highest common factor of t and m?
12
Let v(r) = 149*r - 12019. Let c be v(91). What is the greatest common factor of 693 and c?
77
Let m(c) = -5*c**3 - 16*c**2 - 4*c + 5. Let b be ((-20)/(-16))/(1/(-4)*1). Let v be m(b). Calculate the highest common factor of v and 10.
10
Let k = -10513 - -10633. Calculate the highest common divisor of k and 1160.
40
Let x(r) = r**3 + 41*r**2 + 17*r - 161. Let j be x(-40). What is the highest common divisor of j and 33?
33
Let m(x) = -13*x - 3. Let b be m(-14). Let d = -174 + b. What is the highest common factor of 145 and d?
5
Suppose 3 = -4*a - 1, 5*a = 5*y + 5. Let x(d) = -58*d**3 - 2*d - 6. Let p be x(y). Calculate the highest common factor of p and 42.
42
Let i(w) = 2*w**3 - 43*w**2 - 19*w - 69. Let t be i(22). Let o be 4/(-6)*((-639)/6 + t). What is the highest common factor of o and 219?
73
Let z be ((-746419)/204)/(-23) - 3/36. What is the highest common factor of 21 and z?
3
Let v = -1300 - -1357. Let t be 188/10 + 5/25. What is the highest common factor of v and t?
19
Suppose 10*o = 3*l - 3883, 3*l - 4332 = -5*o - 554. Calculate the highest common factor of l and 248.
31
Suppose -14*j - 4*j = -10*j. Suppose -p = 22*o - 23*o - 10, j = 4*p - o - 34. What is the highest common divisor of 392 and p?
8
Let j be (1479/(-204))/(1/(-84)). Calculate the greatest common factor of 336 and j.
21
Let v(l) = 22*l**2 - 20*l + 43. Let s be v(4). Suppose 8 = -s*h + 317*h. Calculate the highest common factor of h and 324.
4
Let x(p) = 2*p**2 + 7*p + 5. Let d be x(-4). Let i(c) = 43 - 2*c - 3*c + 3*c - d. Let r be i(8). Calculate the highest common divisor of r and 144.
18
Suppose -12 + 6 = -r, -5*r - 610 = -4*m. What is the highest common divisor of m and 144?
16
Let a be (0 - 3)*14/(-3). Let r = -742 + 747. Suppose 0 = -r*k - 10*k + 840. Calculate the highest common divisor of a and k.
14
Let q = -279 - -284. Let b be (58 + -10)/(((-60)/(-8))/q). What is the highest common divisor of b and 44?
4
Suppose 3*s - 249777 = -s - 23*s. Calculate the highest common divisor of s and 11.
11
Suppose -3*t = 4*u + 108, -72 = 5*t - 3*t - 4*u. Let n be (-9)/t*(267 - -1). Calculate the highest common divisor of 1139 and n.
67
Suppose -f + 9 = -37. Let g be (5166/(-8))/(-7) - (-226)/(-904). Calculate the highest common divisor of g and f.
46
Let x(u) = 3*u**2 + 14*u + 72. Let v be x(17). What is the highest common factor of 428 and v?
107
Let l(r) = -8*r + 46. Let p be l(6). Let v be (p + (-10)/(-4))*16. What is the greatest common divisor of v and 56?
8
Let c(p) = -4*p + 18. Let f be c(2). What is the greatest common divisor of 915 and f?
5
Let z(h) = 218*h + 3710. Let x be z(-17). What is the highest common divisor of 8088 and x?
4
Suppose 11 = -3*p - n, -3*p - 16 = -3*n + 5*n. Let h be -2*1*3/p. Let d(q) = 15*q - 10. Let x be d(h). Calculate the greatest common factor of x and 14.
7
Let x(z) = -z + 6. Let t be x(19). Let a(j) = -7*j - 61. Let k be a(t). What is the highest common divisor of k and 400?
10
Suppose -4*s = -2*i - 34, -3*s - 4*i + 24 = -5*i. Let z(l) = -l + 18. Let h be z(s). Let y = -644 - -699. Calculate the greatest common divisor of h and y.
11
Suppose 0 = 13*j + 12*j - 57765 - 8935. Calculate the highest common divisor of 1104 and j.
92
Let x(c) = -c**3 - 6*c**2 + c + 4. Let d be x(-6). Let m be 483/6 + 14/4 + d. Suppose -3*t + 224 = -m. What is the highest common divisor of t and 17?
17
Suppose -5*m - 828 = 3*a - 22898, -3*a = 2*m - 22058. Calculate the greatest common factor of 300 and a.
150
Suppose -9 = 3*w, -39*h + 41*h + 4*w + 390 = 0. Let v = 262 + h. What is the highest common divisor of v and 292?
73
Suppose 0 = -2